ten thousands digit of 37369240?
6
What is the ten thousands digit of 612696771?
9
What is the ten thousands digit of 1126705225?
0
What is the hundred thousands digit of 3112423425?
4
What is the millions digit of 251502059?
1
What is the thousands digit of 206563792?
3
What is the thousands digit of 824860155?
0
What is the units digit of 63103296?
6
What is the tens digit of 3941871374?
7
What is the thousands digit of 1768092336?
2
What is the millions digit of 57027162?
7
What is the millions digit of 147439643?
7
What is the hundred thousands digit of 3838604998?
6
What is the ten thousands digit of 82408829?
0
What is the ten millions digit of 213736812?
1
What is the units digit of 347745?
5
What is the tens digit of 1086377033?
3
What is the thousands digit of 45188032?
8
What is the thousands digit of 50620073?
0
What is the hundreds digit of 253322146?
1
What is the tens digit of 1937125266?
6
What is the thousands digit of 617449897?
9
What is the ten millions digit of 3850465802?
5
What is the hundred thousands digit of 153682670?
6
What is the billions digit of 5167634878?
5
What is the hundreds digit of 63857508?
5
What is the ten thousands digit of 53718679?
1
What is the hundreds digit of 556481334?
3
What is the hundred thousands digit of 390302878?
3
What is the hundred millions digit of 807548066?
8
What is the thousands digit of 65290691?
0
What is the hundred millions digit of 1925575778?
9
What is the thousands digit of 120479142?
9
What is the hundred thousands digit of 110229052?
2
What is the thousands digit of 57406865?
6
What is the tens digit of 69036232?
3
What is the hundreds digit of 69777992?
9
What is the ten thousands digit of 114573319?
7
What is the ten thousands digit of 41528400?
2
What is the hundreds digit of 24578854?
8
What is the hundreds digit of 178683617?
6
What is the units digit of 41205015?
5
What is the thousands digit of 793902753?
2
What is the hundreds digit of 471338098?
0
What is the hundred thousands digit of 425701115?
7
What is the hundreds digit of 13058776?
7
What is the ten thousands digit of 1291069650?
6
What is the hundred millions digit of 417282907?
4
What is the units digit of 15396554?
4
What is the units digit of 3539047916?
6
What is the hundred thousands digit of 8704335832?
3
What is the thousands digit of 315290702?
0
What is the hundred millions digit of 462825428?
4
What is the hundred thousands digit of 55167958?
1
What is the billions digit of 1078004744?
1
What is the units digit of 94748731?
1
What is the hundreds digit of 1575244260?
2
What is the hundreds digit of 1590497210?
2
What is the units digit of 16956565?
5
What is the millions digit of 221568582?
1
What is the hundred thousands digit of 507895445?
8
What is the units digit of 50887000?
0
What is the thousands digit of 16591540?
1
What is the millions digit of 88104970?
8
What is the hundred thousands digit of 279824710?
8
What is the millions digit of 83807955?
3
What is the units digit of 2174093264?
4
What is the ten millions digit of 15643691?
1
What is the millions digit of 3609385146?
9
What is the ten thousands digit of 54825467?
2
What is the thousands digit of 209731871?
1
What is the hundred thousands digit of 1299084087?
0
What is the ten thousands digit of 32829299?
2
What is the hundred thousands digit of 78603243?
6
What is the units digit of 39869792?
2
What is the units digit of 244709714?
4
What is the thousands digit of 106125568?
5
What is the millions digit of 62150037?
2
What is the billions digit of 3528089887?
3
What is the hundreds digit of 238004437?
4
What is the ten thousands digit of 844561302?
6
What is the ten millions digit of 61043738?
6
What is the units digit of 284988969?
9
What is the millions digit of 474501651?
4
What is the ten millions digit of 431651033?
3
What is the ten millions digit of 2286887259?
8
What is the units digit of 171325274?
4
What is the thousands digit of 270849248?
9
What is the ten thousands digit of 2823803635?
0
What is the hundred thousands digit of 413808427?
8
What is the units digit of 1132687327?
7
What is the ten millions digit of 1700170368?
0
What is the hundred thousands digit of 260875885?
8
What is the hundred thousands digit of 110356170?
3
What is the units digit of 3073603044?
4
What is the ten thousands digit of 28578657?
7
What is the hundred thousands digit of 12824265?
8
What is the hundreds digit of 86546638?
6
What is the units digit of 540980491?
1
What is the ten millions digit of 692885070?
9
What is the units digit of 37830021?
1
What is the units digit of 6319975708?
8
What is the thousands digit of 22672996?
2
What is the billions digit of 1504965436?
1
What is the thousands digit of 215936763?
6
What is the hundred thousands digit of 3934449886?
4
What is the tens digit of 752346740?
4
What is the hundreds digit of 97180318?
3
What is the units digit of 5436802?
2
What is the thousands digit of 1359472268?
2
What is the hundred millions digit of 1984988866?
9
What is the tens digit of 184494954?
5
What is the hundred thousands digit of 10618479?
6
What is the billions digit of 1634721745?
1
What is the thousands digit of 774529831?
9
What is the tens digit of 2673885245?
4
What is the thousands digit of 149070977?
0
What is the hundreds digit of 101693356?
3
What is the millions digit of 1640012?
1
What is the ten thousands digit of 774389181?
8
What is the thousands digit of 141962442?
2
What is the millions digit of 477082885?
7
What is the hundreds digit of 84678375?
3
What is the ten thousands digit of 39134034?
3
What is the hundreds digit of 74357454?
4
What is the ten millions digit of 330575873?
3
What is the thousands digit of 143987620?
7
What is the ten thousands digit of 572392849?
9
What is the ten millions digit of 4724000536?
2
What is the tens digit of 581027836?
3
What is the hundred thousands digit of 1809438015?
4
What is the hundreds digit of 1359339570?
5
What is the millions digit of 25352235?
5
What is the millions digit of 3164516926?
4
What is the tens digit of 1908028313?
1
What is the ten thousands digit of 2092165144?
6
What is the millions digit of 6258494300?
8
What is the ten millions digit of 244191466?
4
What is the thousands digit of 467659916?
9
What is the units digit of 476509985?
5
What is the ten thousands digit of 482464093?
6
What is the tens digit of 50136216?
1
What is the hundred thousands digit of 163750335?
7
What is the millions digit of 2304456036?
4
What is the ten millions digit of 1040416759?
4
What is the thousands digit of 71895421?
5
What is the millions digit of 94125379?
4
What is the units digit of 75597662?
2
What is the ten thousands digit of 1759180731?
8
What is the ten thousands digit of 15995487?
9
What is the ten millions digit of 123406905?
2
What is the thousands digit of 1552331767?
1
What is the tens digit of 197909617?
1
What is the ten thousands digit of 80569124?
6
What is the millions digit of 106861137?
6
What is the thousands digit of 3020287196?
7
What is the units digit of 207048346?
6
What is the tens digit of 66183272?
7
What is the ten millions digit of 473285129?
7
What is the ten millions digit of 236906259?
3
What is the ten millions digit of 602332661?
0
What is the billions digit of 1362543739?
1
What is the millions digit of 2557181000?
7
What is the hundred millions digit of 946771372?
9
What is the thousands digit of 199981666?
1
What is the ten thousands digit of 18797203?
9
What is the billions digit of 2515674469?
2
What is the millions digit of 1048442005?
8
What is the hundred millions digit of 151871332?
1
What is the ten millions digit of 234062728?
3
What is the hundred thousands digit of 617509093?
5
What is the billions digit of 3282369058?
3
What is the hundreds digit of 122594926?
9
What is the units digit of 4077518084?
4
What is the ten millions digit of 130571155?
3
What is the hundred thousands digit of 913300448?
3
What is the millions digit of 145045674?
5
What is the ten millions digit of 155620274?
5
What is the ten millions digit of 74330227?
7
What is the millions digit of 442477548?
2
What is the hundred millions digit of 2617655632?
6
What is the units digit of 790129499?
9
What is the ten thousands di